5, 7
Suppose 51*h - 57*h + 60 = 0. Suppose -3*n + i = -774, n + h*i = 7*i + 248. List the prime factors of n.
257
What are the prime factors of ((-63)/56 + (-1)/(-8))*(-2732328)/72?
137, 277
Let p = 4128 - -565. List the prime factors of p.
13, 19
Let w(s) = -s**3 - 5*s**2 + 13*s - 5. Let m be w(-7). Let a(h) = h**3 + 4*h**2 + 14*h**2 + 2*h**m + 8*h - 14. List the prime factors of a(-19).
3, 5, 13
Suppose -4*t + 106 = 5*y, -42 = 4*y - 3*t - 102. Suppose 0 = -4*c - 5*v + 2976, 0 = 3*c + y*v - 16*v - 2239. What are the prime factors of c?
7, 107
Let h = -6 + 12. Let t be (-1 - 0)/((-88)/616). What are the prime factors of (t - h)/1 + (-136)/(-2)?
3, 23
Suppose 19*j + 1376 = 11*j. Let o = j - -287. What are the prime factors of o?
5, 23
Let j = 1041 + -393. Suppose -8*f + 48 = -j. What are the prime factors of f?
3, 29
Let h = -1124 - -4790. Suppose 15*x - 2*x - h = 0. List the prime factors of x.
2, 3, 47
Let u(p) = -p - 5 + 4 + 12 - 6. Let y be u(3). Suppose -w = -3*n - 73, -2*w - y*w + 237 = -n. What are the prime factors of w?
2, 29
Suppose -3*k - 9*k + 168 = 0. Let d(w) = -w**2 + 13*w + 15. Let u be d(k). What are the prime factors of (5 - 6)*-18*u - -1?
19
Let x(w) = -w - 13. Let c be x(-15). Suppose -4*k - 168 = 3*r - 1054, -c*r - 4 = 0. Let s = k - 73. List the prime factors of s.
2, 3, 5
Suppose -287 = -a + 4. Suppose 0 = -293*j + a*j + 892. List the prime factors of j.
2, 223
Let t(n) = 55*n - 2*n**2 - 45*n - n**2 + 7*n**2 + 57. List the prime factors of t(-6).
3, 47
Suppose -512*u + 521*u - 71361 = 0. What are the prime factors of u?
3, 881
Let d(w) = 7*w**3 + 3*w**2 + 3*w + 2. Let k be d(-2). Let a = 68 + k. Suppose 6*j - 344 = -a. List the prime factors of j.
2, 3
Suppose -137 = 9*u - 785. Suppose 5*g = -5*a + 345, -4*g - 2*a + u = -3*g. Suppose -3*w - 422 = -5*l, -l - 2*w = 2*w - g. List the prime factors of l.
2, 41
Suppose -63*k + 221 - 1418 = 0. List the prime factors of (1 - -1 - 21)*k.
19
Let z be (-5 - 0)*(-6 + 1). Suppose -5*g = z + 35. List the prime factors of ((-6)/g)/(1/110).
5, 11
Let h(g) = 28*g**2 - 5*g - 22. Let u be h(-3). Let o = 541 - u. List the prime factors of o.
2, 37
Let i(y) = -19*y + 1. Let r(b) = b - 1. Let x(t) = -i(t) - r(t). Let z be 80/18 + 128/(-288). What are the prime factors of x(z)?
2, 3
Let b(q) = q**2 + 12*q - 14. Let z be b(-13). Let g = 178 - z. List the prime factors of g.
179
Suppose 796 = -2*l + 3736. Suppose 279*r = 282*r - l. List the prime factors of r.
2, 5, 7
List the prime factors of (3 - 3849)*((-187)/(-22) + -10).
3, 641
Suppose -12 = -37*d + 33*d. Let r(u) = 7 + 51*u - d - 6 - 5. List the prime factors of r(4).
197
Suppose b = -4*t + 3993, -24 = 2*t - 20. List the prime factors of b.
4001
Let t(l) = 57 - 91 - 2*l + 60. Suppose -3*i - i - 16 = h, 0 = -i - 4. What are the prime factors of t(h)?
2, 13
Let m = 16 - 22. Let w(i) be the first derivative of -17*i**2/2 + 13*i - 318. What are the prime factors of w(m)?
5, 23
Let h(y) = y**2 - 4*y - 18. Let s(k) = k**2 - 5*k - 18. Let i(u) = -2*h(u) + 3*s(u). Let d be i(9). Suppose d = 5*o - 1 - 29. What are the prime factors of o?
2, 3
Suppose -686 = 8*j - 142. Let h be (j/(-2))/((-4)/6). Let i = h + 131. What are the prime factors of i?
2, 5
Suppose -270*r + 5072496 + 2767764 = 0. List the prime factors of r.
2, 14519
Suppose d - 5*y - 63 = 0, y - 87 = -d - 6. Suppose o - 11 = 5*l, 5*o - 3*l + 6*l - 139 = 0. Suppose d + o = 2*f. List the prime factors of f.
2, 13
Let h = -28102 + 41329. What are the prime factors of h?
3, 4409
Suppose -6*w - 481 = 491. Let i = -209 + 135. Let v = i - w. List the prime factors of v.
2, 11
Suppose -2*s + 2*b = -b - 18, -4*b - 19 = -s. Suppose 0 = 4*n - z - 3*z - 16, s*z + 12 = -4*n. List the prime factors of (-67)/2*(-2 + n).
67
Suppose 3*g = i + 4*i - 18, 3*i - 26 = -2*g. Let j be (i/4)/((-2)/(-116)). What are the prime factors of j - 3 - 2/1?
2, 41
Let f(i) = 1774*i**2 - 44*i - 206. List the prime factors of f(-4).
2, 14177
Let f(z) = 8*z + 160. Let x be f(-20). List the prime factors of (x - (-26553)/39) + (-12)/(-78).
3, 227
List the prime factors of 185696/21 - 18/27.
2, 4421
Let w(i) = -i**3 - 37*i**2 - 89*i + 43. Let u(x) = 2*x**3 + 73*x**2 + 177*x - 87. Let q(s) = 2*u(s) + 5*w(s). What are the prime factors of q(-37)?
2, 5, 67
Suppose 3*y - 3*d - 45780 = 0, -6*d = -7*y - 2*d + 106829. List the prime factors of y.
15263
Let p be -5*(-20)/(-75)*-3. Suppose p*r - 2858 = 5*n, 2*n - 7 = -11. What are the prime factors of r?
2, 89
Let f be (-3)/((8 - 10)*(-6)/(-172)). Let o(w) = 9*w - w + f + w. List the prime factors of o(9).
2, 31
Let s(p) = -30*p - 3 + 86*p - 1 + 138*p. What are the prime factors of s(8)?
2, 3, 43
Let x(d) = -167*d + 390. List the prime factors of x(-22).
2, 127
Let u(k) = 770*k**3 - k**2 - 5*k + 7. What are the prime factors of u(1)?
3, 257
Suppose -6*c - 3*c + 126 = 0. List the prime factors of 5 + (-2217)/(-2) + (-21)/c.
2, 139
Suppose -2*w - 4*d - 5 = -19, 4*d - 11 = -w. Let r(j) = -3*j**2 + 27 + 2*j**w - 5*j - 3*j**2 - j**3 + 2*j. List the prime factors of r(8).
131
Let b(i) = 98*i**2 - i - 1. Let t be b(1). Let j be ((-3)/(0 - -3))/((-4)/t). Suppose -19*r + 25*r = j. What are the prime factors of r?
2
Let v(u) = -3*u**3 - 28*u**2 - 109*u + 4. Let l(d) = -4*d**3 - 30*d**2 - 109*d + 4. Let c(k) = 4*l(k) - 5*v(k). List the prime factors of c(-6).
2, 139
Suppose 352*o + 17430 + 30956 = 359202. List the prime factors of o.
883
Let q(y) = y**3 - 13*y**2 - 3*y - 45. Let v be ((-110)/25)/((-2)/5). Let g(p) = -p**2 + 12*p + 3. Let h be g(v). What are the prime factors of q(h)?
109
Let j be 152/(((-44)/99)/(-3 - 1)). Suppose -5*m + j = 213. List the prime factors of m.
3, 7, 11
Suppose 6*y = -640 - 62. Let i = y + 615. What are the prime factors of i?
2, 3, 83
Suppose 0*u + u = 38. Let h(m) = m**3 + 26*m**2 - 27*m - 21. Let i be h(-27). Let x = u + i. List the prime factors of x.
17
Suppose 6168 = 2*u - a, 5*a = -3*u + 5888 + 3364. Let d = -1720 + u. List the prime factors of d.
2, 11, 31
Let u = 531 + -515. Suppose -3*f - f - i = -2896, u = 4*i. List the prime factors of f.
3, 241
List the prime factors of 40998*(-2)/10*(-3)/(-30)*-25.
3, 6833
Suppose -86*o + 13041 = -83*o. Suppose -4*d + 1736 = 2*v, -5*v + d = 4*d - o. List the prime factors of v.
2, 3, 5, 29
Let u be (-4 - -1)*(-11)/1. Let c be (-6)/3 - u*-1. Suppose -c = -4*m + 17. List the prime factors of m.
2, 3
Let f be (-252)/10*(-700)/105. Suppose 3*x + x = 2*j + 686, x - f = -3*j. List the prime factors of x.
3, 19
Let j(l) = -155*l**3 + 7*l**2 - 136*l - 857. What are the prime factors of j(-6)?
7, 4813
Let p(x) = -5*x**2 - 5*x + 5. Let b(f) = f**2 - 1. Let y(m) = 6*b(m) + p(m). Suppose -16*j + 1725 = 1501. List the prime factors of y(j).
5
Suppose -58*r + 56*r + 54733 = -3*h, r - 27350 = -4*h. What are the prime factors of r?
2, 13681
Suppose -192*n + 207*n = 152595. What are the prime factors of n?
3, 3391
Suppose 25*y - 8*y = 11*y + 89562. What are the prime factors of y?
11, 23, 59
Let r = -24634 + 48854. Suppose -5*y + r = 23*y. List the prime factors of y.
5, 173
Let n(p) = -p**3 + p**2 + 258. Let u(o) = 2*o + 38. Let g be u(-19). What are the prime factors of n(g)?
2, 3, 43
Let y(r) = r - 11. Let j be y(13). Let w(u) = 5*u**2 + 14 - u**j - u**3 - 15. What are the prime factors of w(3)?
2
Suppose 5*f + 4*c - 21634 = 0, 5*f - 9339 = 2*c + 12319. List the prime factors of f.
2, 5, 433
Let j(w) be the third derivative of 7*w**4/3 - 11*w**3/2 + 5*w**2 + 1. What are the prime factors of j(3)?
3, 5
Let s = 2321 + -1492. Suppose 2*y + s = 5*y + d, -5*d + 1120 = 4*y. What are the prime factors of y?
5, 11
Suppose 0 = s - 4*r + 1, 4*r = 5*s + r - 12. Suppose 8*n - s*n - 4*z = 913, 2*n - 4*z = 358. List the prime factors of n.
5, 37
Let l be 855*(-33*(-6)/(-45) - -5). Let t = l - 87. List the prime factors of t.
2, 3, 71
Suppose -6*u = -275 - 3649. Let x = -239 + u. What are the prime factors of x?
5, 83
Let h(y) be the second derivative of 1607*y**4/12 + y**3/2 - 3*y**2 - y - 77. List the prime factors of h(1).
2, 401
Let j(k) = 87*k**2 - 84*k - 5. List the prime factors of j(-10).
5, 1907
Let v = 73 + -70. Suppose q + 431 = j, 5*j = -4*q + v*q + 2161. What are the prime factors of j?
2, 3
Suppose -4*q - 587 = 3*u, -q - 8 = -3*q